 11089 a prime number?
False
Is 76243 composite?
False
Is 530701 a prime number?
True
Is 151091 a composite number?
False
Is 11657 a composite number?
False
Is 678134 prime?
False
Is 20573 a composite number?
True
Is 623839 a prime number?
True
Is 4487 composite?
True
Is 176603 a prime number?
False
Is 1543 prime?
True
Is 702983 composite?
False
Is 1292819 a composite number?
True
Is 2315317 composite?
False
Is 9311 a prime number?
True
Is 1259 prime?
True
Is 115201 a composite number?
False
Is 1412149 prime?
False
Is 49103 a prime number?
True
Is 50459 a prime number?
True
Is 208859 prime?
False
Is 74299 prime?
False
Is 223087 composite?
False
Is 1657 prime?
True
Is 12739 a prime number?
True
Is 5489 a prime number?
False
Is 203 composite?
True
Is 537 a prime number?
False
Is 52859 a prime number?
True
Is 1034843 a prime number?
False
Is 115547 prime?
True
Is 29501 a composite number?
False
Is 2429 a composite number?
True
Is 279743 a prime number?
False
Is 5357 composite?
True
Is 173237 a composite number?
True
Is 22609 a composite number?
True
Is 1655 prime?
False
Is 45659 a composite number?
False
Is 160141 a prime number?
True
Is 135563 prime?
False
Is 553 prime?
False
Is 2995 a prime number?
False
Is 315957 a prime number?
False
Is 470657 prime?
False
Is 48179 a prime number?
True
Is 307191 prime?
False
Is 197697 prime?
False
Is 163 a prime number?
True
Is 617039 a prime number?
True
Is 15401 composite?
False
Is 29483 a composite number?
False
Is 135559 a prime number?
True
Is 62431 prime?
False
Is 496371 a prime number?
False
Is 255803 a composite number?
False
Is 6967121 prime?
False
Is 361159 a prime number?
True
Is 13523 prime?
True
Is 4637 prime?
True
Is 217199 a composite number?
False
Is 73693 prime?
True
Is 167863 prime?
True
Is 10253885 composite?
True
Is 20455 composite?
True
Is 20779 prime?
False
Is 347729 prime?
True
Is 34423 a prime number?
False
Is 8801 prime?
False
Is 7283 prime?
True
Is 1573379 a composite number?
False
Is 14759 prime?
True
Is 339981 a composite number?
True
Is 3203 composite?
False
Is 6761 a prime number?
True
Is 124793 prime?
True
Is 192497 a prime number?
True
Is 4703 a prime number?
True
Is 51919 composite?
True
Is 30367 prime?
True
Is 119027 composite?
False
Is 7453 a composite number?
True
Is 132127 prime?
False
Is 3359 a prime number?
True
Is 71731 prime?
False
Is 915887 a composite number?
True
Is 52157 a composite number?
True
Is 119429 prime?
True
Is 39007 composite?
True
Is 3547 a prime number?
True
Is 465403 composite?
True
Is 447 composite?
True
Is 324218 a prime number?
False
Is 9047 prime?
False
Is 12515 a prime number?
False
Is 36947 a prime number?
True
Is 77213 prime?
True
Is 67 a composite number?
False
Is 17707 a composite number?
False
Is 23341 prime?
False
Is 20929 composite?
False
Is 80909 a composite number?
False
Is 362 a prime number?
False
Is 119147 a prime number?
False
Is 702659 composite?
True
Is 19079 a prime number?
True
Is 385343 composite?
True
Is 3004669 composite?
False
Is 8513 a composite number?
False
Is 30353 a prime number?
False
Is 227765 a prime number?
False
Is 309599 prime?
True
Is 291685 composite?
True
Is 92737 prime?
True
Is 413165 composite?
True
Is 1259303 a composite number?
True
Is 9767 prime?
True
Is 162611 composite?
False
Is 20849 a composite number?
False
Is 1816489 a prime number?
True
Is 920467 a prime number?
True
Is 399671 a prime number?
False
Is 228221 a composite number?
True
Is 1793335 a prime number?
False
Is 8014223 prime?
False
Is 1615127 prime?
False
Is 133919 a prime number?
True
Is 2775923 a prime number?
False
Is 8513 a composite number?
False
Is 2818 prime?
False
Is 310399 a composite number?
True
Is 28849 prime?
False
Is 3163 a composite number?
False
Is 842701 prime?
True
Is 132805 composite?
True
Is 1837 a composite number?
True
Is 209123 prime?
True
Is 1959085 prime?
False
Is 1677869 composite?
True
Is 1706381 prime?
True
Is 47818 prime?
False
Is 28789 a prime number?
True
Is 1847 composite?
False
Is 2059595 a composite number?
True
Is 34499 prime?
True
Is 7297 a composite number?
False
Is 246241 prime?
True
Is 1400551 composite?
True
Is 933017 a prime number?
False
Is 1561 prime?
False
Is 520462 a prime number?
False
Is 540433 prime?
True
Is 20791 a prime number?
False
Is 21899 prime?
False
Is 49947 composite?
True
Is 619627 prime?
False
Is 503427 composite?
True
Is 20161 a composite number?
False
Is 191 a prime number?
True
Is 49 prime?
False
Is 40499 a prime number?
True
Is 167057 a composite number?
True
Is 83653 composite?
False
Is 121 a prime number?
False
Is 77 a composite number?
True
Is 46555 a composite number?
True
Is 631 a composite number?
False
Is 51571 a prime number?
False
Is 69991 prime?
True
Is 31895 a composite number?
True
Is 19715 prime?
False
Is 429655 composite?
True
Is 27601 composite?
True
Is 38431 a prime number?
True
Is 20873 composite?
False
Is 104001 a composite number?
True
Is 6197 prime?
True
Is 51682 a prime number?
False
Is 49091 composite?
True
Is 16597 prime?
False
Is 1137238 composite?
True
Is 23459 a composite number?
False
Is 86511 composite?
True
Is 14165 a composite number?
True
Is 79 a composite number?
False
Is 1130267 a composite number?
False
Is 63143 composite?
True
Is 10301 a prime number?
True
Is 255551 composite?
False
Is 62537 a composite number?
True
Is 667 composite?
True
Is 27329 a composite number?
False
Is 110463 prime?
False
Is 7477 composite?
False
Is 30811 a prime number?
False
Is 9853 a prime number?
False
Is 2929 a composite number?
True
Is 6503 a prime number?
False
Is 1289797 a composite number?
True
Is 869853 composite?
True
Is 36209 a composite number?
False
Is 4829 prime?
False
Is 43465 a prime number?
False
Is 106 prime?
False
Is 279355 a prime number?
False
Is 81595 prime?
False
Is 7817 composite?
False
Is 126583 composite?
False
Is 10243 composite?
False
Is 2157491 prime?
False
Is 616571 composite?
True
Is 2648731 a prime number?
True
Is 352787 prime?
False
Is 7233 prime?
False
Is 31013 a composite number?
False
Is 718041 composite?
True
Is 505541 a prime number?
False
Is 16127 a prime number?
True
Is 32749 a composite number?
False
Is 466663 composite?
True
Is 379621 a prime number?
False
Is 45397 composite?
True
Is 5667 prime?
False
Is 478339 a prime number?
True
Is 185221 prime?
True
Is 140291 prime?
False
Is 5381 a composite number?
False
Is 47153 a prime number?
False
Is 79277 composite?
True
Is 3631 a prime number?
True
Is 855371 composite?
True
Is 910438 prime?
False
Is 4127 composite?
False
Is 34681 a composite number?
True
Is 253166 a prime number?
False
Is 1289534 a composite number?
True
Is 1393451 a prime number?
True
Is 1567 composite?
False
Is 1114873 a composite number?
False
Is 38939 prime?
False
Is 11073 a composite number?
True
Is 12373 composite?
False
Is 80141 a composite number?
False
Is 14907 a prime number?
False
Is 2507467 composite?
False
Is 40541 prime?
False
Is 342911 prime?
False
Is 35709 a prime number?
False
Is 17291 a prime number?
True
Is 241957 a prime number?
False
Is 7697 a composite number?
True
Is 979 prime?
False
Is 10617 a composite number?
True
Is 7186 composite?
True
Is 385379 a prime number?
True
Is 13033 a prime number?
True
Is 1912541 composite?
False
Is 44839 prime?
True
Is 58885 prime?
False
Is 47317 a composite number?
False
Is 12203 a composite number?
False
Is 5813989 a prime number?
True
Is 171439 a composite number?
False
Is 3079 composite?
False
Is 223 a prime number?
True
Is 87473 a composite number?
False
Is 26227 a composite number?
False
Is 41057 composite?
False
Is 47539 prime?
False
Is 154927 composite?
False
Is 31469 a prime number?
True
Is 20593 prime?
True
Is 678367 prime?
True
Is 3377 a composite number?
True
Is 522083 prime?
True
Is 2579 prime?
True
Is 723937 composite?
True
Is 344923 composite?
True
Is 366238 a composite number?
True
Is 1729213 a composite number?
True
Is 8633 a prime number?
False
Is 178681 prime?
True
Is 11201 a composite number?
True
Is 34229 composite?
True
Is 2249 prime?
False
Is 10211 composite?
False
Is 155437 a composite number?
True
Is 95131 composite?
False
Is 30353 composite?
True
Is 2763053 a composite number?
False
Is 4034009 a composite number?
True
Is 93523 a composi